when 3031 is divided by 11?
6
What is the remainder when 718 is divided by 181?
175
Calculate the remainder when 5967 is divided by 8.
7
Calculate the remainder when 641 is divided by 76.
33
Calculate the remainder when 457 is divided by 10.
7
What is the remainder when 19 is divided by 7?
5
Calculate the remainder when 2014 is divided by 167.
10
What is the remainder when 3425 is divided by 341?
15
What is the remainder when 3030 is divided by 1510?
10
What is the remainder when 422 is divided by 412?
10
What is the remainder when 1431 is divided by 87?
39
What is the remainder when 693 is divided by 139?
137
Calculate the remainder when 197 is divided by 40.
37
What is the remainder when 2232 is divided by 1116?
0
What is the remainder when 1440 is divided by 22?
10
Calculate the remainder when 45 is divided by 16.
13
What is the remainder when 417 is divided by 100?
17
Calculate the remainder when 821 is divided by 75.
71
What is the remainder when 89 is divided by 7?
5
Calculate the remainder when 1746 is divided by 38.
36
Calculate the remainder when 3772 is divided by 25.
22
Calculate the remainder when 555 is divided by 56.
51
Calculate the remainder when 98 is divided by 15.
8
Calculate the remainder when 3167 is divided by 132.
131
Calculate the remainder when 126 is divided by 4.
2
What is the remainder when 140 is divided by 18?
14
What is the remainder when 543 is divided by 42?
39
Calculate the remainder when 386 is divided by 125.
11
Calculate the remainder when 31927 is divided by 62.
59
What is the remainder when 64 is divided by 25?
14
What is the remainder when 87 is divided by 50?
37
Calculate the remainder when 502 is divided by 84.
82
What is the remainder when 716 is divided by 43?
28
What is the remainder when 163 is divided by 133?
30
Calculate the remainder when 659 is divided by 163.
7
What is the remainder when 1065 is divided by 26?
25
Calculate the remainder when 826 is divided by 46.
44
Calculate the remainder when 145 is divided by 60.
25
What is the remainder when 3300 is divided by 7?
3
What is the remainder when 624 is divided by 37?
32
Calculate the remainder when 159 is divided by 45.
24
What is the remainder when 1103 is divided by 23?
22
What is the remainder when 16957 is divided by 20?
17
What is the remainder when 674 is divided by 140?
114
What is the remainder when 99 is divided by 34?
31
What is the remainder when 1212 is divided by 74?
28
What is the remainder when 615 is divided by 8?
7
Calculate the remainder when 1278 is divided by 40.
38
Calculate the remainder when 110 is divided by 60.
50
Calculate the remainder when 122 is divided by 48.
26
Calculate the remainder when 233 is divided by 83.
67
What is the remainder when 4123 is divided by 106?
95
Calculate the remainder when 2613 is divided by 105.
93
Calculate the remainder when 536 is divided by 109.
100
Calculate the remainder when 27092 is divided by 11.
10
Calculate the remainder when 1710 is divided by 426.
6
What is the remainder when 33 is divided by 9?
6
Calculate the remainder when 176 is divided by 60.
56
Calculate the remainder when 66 is divided by 25.
16
What is the remainder when 114 is divided by 47?
20
Calculate the remainder when 2377 is divided by 13.
11
What is the remainder when 258 is divided by 44?
38
Calculate the remainder when 4102 is divided by 13.
7
What is the remainder when 536 is divided by 6?
2
What is the remainder when 303 is divided by 15?
3
Calculate the remainder when 2093 is divided by 60.
53
What is the remainder when 823 is divided by 411?
1
Calculate the remainder when 77 is divided by 62.
15
What is the remainder when 7237 is divided by 7?
6
What is the remainder when 243 is divided by 35?
33
What is the remainder when 102 is divided by 26?
24
What is the remainder when 2435 is divided by 1216?
3
Calculate the remainder when 204 is divided by 19.
14
What is the remainder when 423 is divided by 64?
39
Calculate the remainder when 70 is divided by 26.
18
What is the remainder when 782 is divided by 303?
176
What is the remainder when 3106 is divided by 84?
82
Calculate the remainder when 3051 is divided by 153.
144
Calculate the remainder when 11 is divided by 8.
3
Calculate the remainder when 670 is divided by 42.
40
What is the remainder when 32 is divided by 12?
8
What is the remainder when 29 is divided by 17?
12
Calculate the remainder when 237 is divided by 62.
51
Calculate the remainder when 766 is divided by 48.
46
Calculate the remainder when 465 is divided by 227.
11
Calculate the remainder when 85 is divided by 11.
8
What is the remainder when 366 is divided by 355?
11
What is the remainder when 3044 is divided by 1010?
14
What is the remainder when 106 is divided by 11?
7
What is the remainder when 138 is divided by 38?
24
Calculate the remainder when 54 is divided by 5.
4
Calculate the remainder when 2133 is divided by 213.
3
Calculate the remainder when 196 is divided by 30.
16
What is the remainder when 94 is divided by 28?
10
What is the remainder when 1639 is divided by 327?
4
What is the remainder when 1835 is divided by 10?
5
What is the remainder when 502 is divided by 23?
19
Calculate the remainder when 58 is divided by 25.
8
Calculate the remainder when 4794 is divided by 150.
144
Calculate the remainder when 170 is divided by 64.
42
Calculate the remainder when 8927 is divided by 32.
31
Calculate the remainder when 601 is divided by 165.
106
Calculate the remainder when 855 is divided by 26.
23
What is the remainder when 4479 is divided by 112?
111
Calculate the remainder when 333 is divided by 84.
81
Calculate the remainder when 3685 is divided by 1837.
11
Calculate the remainder when 247 is divided by 160.
87
Calculate the remainder when 338 is divided by 145.
48
What is the remainder when 66 is divided by 17?
15
Calculate the remainder when 1078 is divided by 36.
34
What is the remainder when 94 is divided by 14?
10
Calculate the remainder when 777 is divided by 113.
99
Calculate the remainder when 20998 is divided by 83.
82
What is the remainder when 817 is divided by 41?
38
What is the remainder when 75 is divided by 39?
36
What is the remainder when 875 is divided by 99?
83
Calculate the remainder when 221 is divided by 32.
29
Calculate the remainder when 10 is divided by 2.
0
What is the remainder when 47 is divided by 38?
9
Calculate the remainder when 182 is divided by 31.
27
Calculate the remainder when 653 is divided by 41.
38
Calculate the remainder when 375 is divided by 42.
39
Calculate the remainder when 395 is divided by 65.
5
What is the remainder when 2258 is divided by 749?
11
Calculate the remainder when 412 is divided by 36.
16
Calculate the remainder when 2489 is divided by 14.
11
Calculate the remainder when 246 is divided by 21.
15
What is the remainder when 1154 is divided by 33?
32
What is the remainder when 94 is divided by 48?
46
What is the remainder when 340 is divided by 83?
8
What is the remainder when 361 is divided by 1?
0
Calculate the remainder when 173 is divided by 58.
57
Calculate the remainder when 322 is divided by 103.
13
Calculate the remainder when 234 is divided by 4.
2
What is the remainder when 194 is divided by 40?
34
What is the remainder when 6494 is divided by 30?
14
Calculate the remainder when 259 is divided by 80.
19
Calculate the remainder when 389 is divided by 134.
121
Calculate the remainder when 571 is divided by 148.
127
Calculate the remainder when 310 is divided by 157.
153
Calculate the remainder when 549 is divided by 23.
20
What is the remainder when 175 is divided by 92?
83
Calculate the remainder when 274 is divided by 254.
20
Calculate the remainder when 4154 is divided by 149.
131
Calculate the remainder when 127 is divided by 22.
17
What is the remainder when 42 is divided by 39?
3
Calculate the remainder when 100 is divided by 17.
15
What is the remainder when 66 is divided by 13?
1
What is the remainder when 877 is divided by 98?
93
What is the remainder when 864 is divided by 124?
120
What is the remainder when 179 is divided by 177?
2
Calculate the remainder when 168 is divided by 6.
0
Calculate the remainder when 1049 is divided by 177.
164
What is the remainder when 141 is divided by 32?
13
What is th